- 7. Let n = 60 - 35. Suppose 7*m - 2*m = n. Suppose -m*t + 19 = -d, -d + 12 = -4*d. Determine v(t).
-4
Let d = -64 - 273. Let p = -341 - d. Let y(c) = -c - 5. Give y(p).
-1
Let k = -2 - -78. Suppose 80*f = k*f + 8. Let r(v) = 3*v**2 - 6*v**2 - f*v + v + 4*v**3 - 3 - 3*v**3. What is r(3)?
-6
Let q(s) = s**2 + 7*s - 86. Let u = -5345 + 5351. Determine q(u).
-8
Let z(x) = -x + 7. Suppose 40 = -5*o + 5*h, 5*o - 63*h + 59*h + 40 = 0. Give z(o).
15
Let n(r) = -3 - 1774*r - 3 + 3*r**2 + 5 + 1773*r - 4*r**2 + 9*r**3. Suppose -i + 19 = 4*o, 3*i - 5*o = -13 - 15. What is n(i)?
-10
Let s(b) = 66*b - 3572. Let m be s(54). Let u(t) = -2*t**2 - 14*t + 15. Determine u(m).
-1
Let l(a) = -a + 1. Let h(b) = -4*b + 9. Let m(r) = h(r) - 3*l(r). Let k = 89 - 88. Let w be 3 - 4 - k - 3. What is m(w)?
11
Suppose 150 = 15*r - 0*r. Let m(g) = 4*g**3 - 10 + 9*g + g**3 - r*g**3 + 5*g**3 - g**3 + 6*g**2. Calculate m(7).
4
Let z(v) = 45*v - 7. Let w(j) = j**3 - 5*j**2 + j + 13. Let q be w(4). Determine z(q).
38
Let q(u) = -47*u**2 + 17*u - 43. Let n(j) = 29*j**2 - 11*j + 27. Let w(f) = 8*n(f) + 5*q(f). Give w(1).
-5
Let q(c) = 16*c + 365 + 81 - 110 - 7*c. Calculate q(-37).
3
Let l(w) = -7 + 8*w - w**2 + 8 + 6 + 2*w**2. Let z be 112 - (-1 + (1 - 3 - -6)). Let q = 103 - z. Determine l(q).
-5
Let b(u) be the third derivative of -u**6/120 - u**5/10 - 7*u**4/24 + u**3/6 + 33*u**2 + 18. Give b(-5).
11
Let q(t) = t**2 - 5*t + 7. Suppose g = 2*f + 91 - 35, -158 = -3*g + f. Suppose 2*y - 3*v - g = 0, 5*v = -y - 2*y + 97. Let d = -23 + y. What is q(d)?
13
Let s(g) = 7*g + 5. Let t = -2001 + 1997. Give s(t).
-23
Let d(i) = -2*i**2 + i. Let v(f) = -f**3 + 18*f**2 - 12*f - 3. Let o(r) = 10*d(r) + v(r). Determine o(-4).
37
Suppose v = -5 + 1, 3*w - 1 = 4*v. Suppose 75*s + 10 = 80*s. Let g(i) = 3*i**2 + 3 + 5*i - s - 2*i**2 + 6. What is g(w)?
7
Let s(v) = -v + 24. Let b be s(19). Suppose -3*y = -4*i - 5, -3*i - i - b*y = 13. Let p(g) = -6*g**2 + 3*g**2 - 2*g + 1 + 0*g**2. Determine p(i).
-7
Let c(a) = 14*a - 1 - 2*a - 3*a + a - 3. Let i be 3/6*10*(-75)/(-125). Give c(i).
26
Let a be 28/(-16) - (-675)/100 - 1. Let g(n) be the third derivative of n**4/24 - 3*n**3/2 + n**2. Give g(a).
-5
Suppose -v - 4*n + 9 = 0, n + n = -6. Suppose -32 = -4*l + w, -l - 8*w = -7*w - 8. Suppose 5*u = l*u - v. Let o(d) = d**2 - 7*d + 1. Determine o(u).
1
Let l(d) be the third derivative of d**6/120 + 11*d**5/60 + d**4/4 - 17*d**3/3 + 778*d**2. Determine l(-10).
6
Suppose 2*a = q - 32, -4*a - 2*q = -28 + 76. Let b(t) = -t**3 - 11*t**2 + 43*t + 4. Give b(a).
-10
Let i(j) = j - 4. Let n be i(4). Suppose 2*s - 19 = -5*o, -5*o = -330*s + 333*s - 16. Let h(c) = -o*c**2 + 21*c**2 - 9*c**2 - 8 - 8*c**2. What is h(n)?
-8
Suppose c + 3*k = 2 + 2, 0 = 2*c - 5*k - 19. Suppose 4*j - 30 = c*j. Let y(b) = b**3 + 10*b**2 + b + 9. Determine y(j).
-1
Let m(r) = -2*r**3 + 2*r**2 - r + 3. Suppose 3*x = g - 8, -g + 1 = 3*x + 5. Suppose -2 = -3*s + g*j + 1, -s - j = -6. Determine m(s).
-36
Let m(t) be the first derivative of t**2 + 2*t - 18. Let h(z) = z**3 - 23*z**2 - 26*z + 57. Let n be h(24). Determine m(n).
20
Let c(o) be the third derivative of -o**7/840 + o**6/40 - o**5/20 + o**4/8 + 65*o**3/6 + 3*o**2 + 7. Let t(a) be the first derivative of c(a). Calculate t(8).
19
Let p(f) = -3*f**3 - f**2 - 5*f + 4. Let q(d) = -d**3 + d**2 - d + 1. Let n be 4/(-14) + (-80)/(-35). Let x(j) = n*q(j) - p(j). Determine x(-3).
-11
Let v(m) = 5*m - 26. Suppose -8*r = 40*r. Suppose r = -u - 2*u - p + 13, -2*p = -u + 16. What is v(u)?
4
Let c(n) = -n**2 + n + 1. Let z(o) = -2*o**2 + 19. Let d(r) = -c(r) + z(r). Suppose 3*t - 8 = 5*t, -2*k - 3*t - 22 = 0. Let q be 2 + 0 + k + 3. Calculate d(q).
18
Let i(d) = 9*d - 174 + 169 - 3*d + 0*d**2 + 0*d**2 + d**2. Calculate i(-7).
2
Let i(s) be the third derivative of -7/6*s**3 - 1/120*s**6 + 1/4*s**4 + 93*s**2 - 1/12*s**5 + 0 + 0*s. Give i(-6).
-7
Let d(i) = i**3 - 7*i**2 + 3*i + 1. Let b be -1 - (-94)/10 - 3/(-5). Suppose 0 = -4*q + b*q - 210. Suppose -8*c + c + q = 0. Calculate d(c).
-17
Let k(t) = -88*t + 46*t + 42*t - 10 + t. Let i(x) = 5*x**2 - 1. Let w be i(-1). Suppose -2*y = -w*y + 12. Determine k(y).
-4
Let o(n) = 4*n**3 - 4*n**2 - 12*n - 5. Let t(f) = 4*f**2 - 4*f**2 - 67*f**3 - 2*f + 68*f**3. Let l(x) = -o(x) + 5*t(x). Give l(-4).
-3
Let g = 16707 + -16702. Let a(s) = 2*s - 14. Determine a(g).
-4
Suppose 0 = -2*h - 0*h, -4*w + 8 = 2*h. Let i be 89/356 + (198/8)/(-3). Let u(v) = 7*v - 29. Let r(d) = -11*d + 46. Let p(j) = i*u(j) - 5*r(j). Calculate p(w).
0
Let v(q) = q**3 - 9*q**2 + 12*q + 8. Let y be v(7). Let m(u) = -u**2 - 10*u - 16. What is m(y)?
8
Let b be (-1916)/(-20) + (-5)/(-25). Let d be (b/4)/(-6)*(-2)/4. Let c(z) = z**3 - 2*z**2 + 3*z - 2. What is c(d)?
4
Let r(j) be the first derivative of -j**5/60 + 7*j**4/24 + 3*j**3/2 - 27*j**2 + 7. Let g(f) be the second derivative of r(f). What is g(8)?
1
Let y(g) = -2*g**3 - 5*g**2 - g. Suppose 29*s + 179 = 63. What is y(s)?
52
Let l(u) be the second derivative of -u**5/20 - u**4/2 + 2*u**3/3 - 27*u**2/2 - 5276*u. Calculate l(-7).
-6
Let a(m) = m**2 - 8*m + 2. Let x(s) = 4 + 14*s - 24*s**2 - 40 + 23*s**2. Let q be x(5). What is a(q)?
11
Let y(k) = k**3 - 3*k**2 + 3*k - 7. Suppose -91 - 83 = -58*p. What is y(p)?
2
Let y(z) = -5872 - z**2 - 5878 - 9*z + 11735. Determine y(-6).
3
Let u(a) = 687*a - 24. Let t be u(0). Let y(f) = -f**3 - 23*f**2 + 27*f + 78. Give y(t).
6
Let w(n) = n**3 + 13*n**2 + 9*n - 22. Let b be w(-12). Suppose b = -2*d + 10. Let x(s) = -3*s - 2 + 0 + 1. What is x(d)?
5
Let s be ((-20)/250 - (-616)/(-1050))/(1/(-12)). Let z(v) = 13*v + 8. Calculate z(s).
112
Let x(f) = 3*f + 1. Suppose -i - 3*c + 394 = 0, -267 = -5*i - 4*c + 1692. Suppose 0 = -i*w + 394*w - 3. Give x(w).
4
Let l(h) = 3 - 1 + h - 4. Suppose -395 = 8*x - 35. Let d be (x/(-5))/3*-1. Determine l(d).
-5
Let h(y) be the first derivative of -20*y + 39*y - 2*y**2 + 5*y**2 - 26 - 21*y. What is h(-5)?
-32
Let q be ((-7)/(-4))/((-2)/(-2 - 6)). Let k(b) be the second derivative of b**3/2 - 8*b**2 - 12*b - 13. What is k(q)?
5
Let s(b) = -38*b + 32 - 10 - 10 - 19. What is s(0)?
-7
Let c(h) = 3*h - 4. Let l be c(3). Suppose 0 = -l*v - 77 + 82. Suppose -v = b, -b = 4*z + b + 26. Let n(a) = -a**3 - 5*a**2 + 9*a + 9. Determine n(z).
-9
Let s be 5/(-2)*-2*1. Let o(g) be the first derivative of -g**2/2 - g + 25866. Determine o(s).
-6
Let c(p) = 341*p**2 + 348*p**2 - 1042*p**2 + 6*p + 352*p**2. Suppose 0*t - 9 = -3*t. Calculate c(t).
9
Let n(h) = -3*h + 2 - 2 - 2. Let p be (-18 - (-4752)/154) + (-2)/(-14). Let v(u) = -7*u - 5. Let j(r) = p*n(r) - 6*v(r). What is j(-9)?
-23
Suppose 0 = -5*q + 31 - 6. Let t = 85 - 83. Suppose t*b + 5 = -q. Let j(d) = d + 5. Give j(b).
0
Let l(a) = a**3 - 7*a**2 + 6*a + 3. Let o(t) = -t**2 + 8*t - 168. Let f be o(0). Let i = f - -174. Give l(i).
3
Let w(l) = l**2 + 10 + 806*l + 0 - 810*l. Let m be w(3). Suppose m*u - 7 = -21. Let q(d) = 4*d**2 - d - 2. Calculate q(u).
16
Let o(j) = j**3 - j**2 - 2*j - 3. Suppose -h - 24 = 7*h. Let g be 2/h - 40/30. What is o(g)?
-11
Let a be 2/51 - 55002/13617. Let i(z) = 2 + 2*z - 2*z**2 + 3 + z**2. What is i(a)?
-19
Let q be -126*(-6)/24*(-5 + (-196)/(-36)). Let k(y) = -y - 24. What is k(q)?
-38
Let i = -45 + 49. Let k(a) = -7*a**2 + i*a**2 + 5*a**2 - 6 + 3*a - 4*a. Let b(o) = o**2 - 3. Let f(y) = 5*b(y) - 3*k(y). What is f(3)?
3
Let r(b) = 7*b - 21. Let y = -5837 + 5842. Give r(y).
14
Let m be (-50)/4 + -6*(-8)/32. Let n(z) = 6 - 1 + 2*z + 8 + 2. Determine n(m).
-7
Let k(t) be the first derivative of 9*t**4/4 + t + 35025. Let g(m) = 0*m + 2*m - m + 4. Let n be g(-5). Give k(n).
-8
Let n(f) = -f**3 - 7*f**2 - 7*f - 2. Suppose -13*x - 38 = 14. Let s be 5 + x*5/20 - 9. Calculate n(s).
-17
Let j be 54/1*(-7 + (-2 - -10)). Let r = 43 - j. Let z(m) = -m - 3. Determine z(r).
8
Let m be ((-432)/(-21))/(-9) + 2/7. Let i(j) = -5*j + 1. Let x(d) = -3*d + 2. Let o(h) = m*i(h) + 3*x(h). Calculate o(0).
4
Let x = -9265 + 9268. Let a(s) = 3*s - 1 - 3*s**2 - 2 + 5. Give a(x).
-16
Suppose -4*n - k = 2, -2*n + 4*n + 3*k + 6 = 0. Let i(h) be the third derivative of h**6/120 + h**5/60 - h**4/24 - h**3/3 - 125*h**2. Determine i(n).
-2
Let v(r) = -r**2 - 10*r + 14. Let t be v(-11). Suppose c = t*c - 6*c. Let n(a) = 28*a**2 + c*